**2 + 7. Calculate g(j).
7
Let z(w) = w**2 + 7. Let t be z(0). Let j(s) = s + 6. Suppose -10*v + 12 + 8 = 0. Let b(g) = -4*g - 19. Let n(d) = t*j(d) + v*b(d). Calculate n(0).
4
Let x(f) = -f**2 + 5*f + 3. Let d be (-230)/(-50) + (-2)/(-5). What is x(d)?
3
Let z(u) be the third derivative of u**6/120 + u**5/10 + u**4/6 + 3*u**3/2 + 10*u**2 - 3*u. Give z(-6).
-15
Let l(u) = 5 - u**3 - 7*u + 6*u**2 - 7 + 8. What is l(5)?
-4
Let q(c) = -5 - c + 0*c**2 - 1 - c**2. Determine q(0).
-6
Let f(i) = -i - 8. Suppose -3*l = -4*m - 10, l + 0 = -2. Let d be f(m). Let t(k) = -k**2 - k + 5. Give t(d).
-7
Let o(y) = 2*y - 4. Let x(u) = -4 + 13*u - 11*u - 1. Let h(v) = -5*o(v) + 4*x(v). Give h(4).
-8
Let v(f) be the second derivative of f**6/144 + f**4/12 + f. Let o(t) be the third derivative of v(t). Suppose -2*h = -h + 1. Calculate o(h).
-5
Let y = 1 - 1. Suppose -3*d + l = -1, 4*d + 0*l - 4*l = -12. Let i(x) = d*x - 2*x + x**2 - 1. Calculate i(y).
-1
Suppose 2*n = 9 - 1. Suppose w = -0 - n. Let y(u) = u**2 + 4*u - 1. Give y(w).
-1
Let x(y) = -y**2 - 5*y + 2. Suppose -2*d - 2*d = -u + 75, -d = 3*u + 9. Let k be (-16)/(-9) + (-4)/d. Let c = -6 + k. Give x(c).
6
Suppose 4*x - 4*u + 157 - 21 = 0, 0 = -5*x + 3*u - 178. Let f be (-57)/x*4/(-2). Let a(p) = p**3 + 3*p**2 - 3*p - 1. Determine a(f).
8
Let m be -4 + (4 - 2)/2. Let b(i) = 3*i + 1. What is b(m)?
-8
Suppose 3*r + 4*o - 13 = 0, 2*r + 2*o - 2 = 4. Let c(s) = 20*s**3 + 1. Give c(r).
-19
Let y(t) be the first derivative of -t**4/4 - 2*t**3 + 3*t**2 - t + 6. Calculate y(-7).
6
Let r(g) = -g - 1. Let f(h) be the second derivative of -5*h**3/6 + 5*h**2/2 - h. Let t(w) = f(w) + 5*r(w). What is t(-1)?
10
Let j(x) = -x**2 + 6*x + 1. Let p(t) = 6*t**2 - 3*t + 1. Let f be p(1). Give j(f).
9
Let p(l) = -9*l + 1. Let g(x) = 10*x - 1. Let y = -12 - -17. Let r(d) = y*p(d) + 4*g(d). Calculate r(1).
-4
Let d(r) = -63*r - r**3 + 63*r - 5 - 4*r**2. Determine d(-4).
-5
Let m(v) be the third derivative of 0*v + 0 - 1/60*v**5 + v**2 + 1/2*v**3 + 1/24*v**4. Calculate m(3).
-3
Let i = 4 - 4. Suppose 0 = j - 5*w - 3 + 6, 3*w - 5 = -j. Suppose j*k + k + 9 = i. Let t(q) = q**2 + 3*q + 1. Determine t(k).
1
Let h(t) = 0 + 0*t - t + 3. Let b(q) = -q - 3. Let w be b(-4). Suppose -x + 4 - w = 0. Determine h(x).
0
Let k(b) be the first derivative of b**2 + 5*b - 29. What is k(-4)?
-3
Let r be (-11)/2 + (-6)/12. Let n(f) = f**3 + 6*f**2 + f + 6. Calculate n(r).
0
Let m(k) = -4 - 5*k + 19 - 14. Determine m(1).
-4
Let g(u) = -5*u**3 + u**2 - u - 1. Let c(j) = -14*j**3 + 2*j**2 - 2*j - 2. Let l(o) = 4*c(o) - 11*g(o). Give l(-3).
-6
Let m(v) = -9*v**2 - 7*v + 6. Let j(w) = -6*w**2 - 5*w + 4. Let l(n) = 7*j(n) - 5*m(n). What is l(-2)?
10
Let i be (-1 + 9)*(-1)/(-2). Let l = 6 - i. Let s(p) = -3*p + 1. Give s(l).
-5
Let s(l) = l**2 + l. Let z be s(-1). Let f be ((-8)/12)/((-4)/(-18)*-1). Let m(n) = -f*n + 4*n - n**3 + 0*n + z*n. Give m(-2).
6
Let j = 12 + -17. Let s(a) = 8*a - 2. Let y(n) = -n. Let f(x) = -s(x) - 10*y(x). Calculate f(j).
-8
Let n(o) = o**2 + 6*o + 5. Let z be n(-6). Suppose 0*c + z = -c. Let r(k) = -k**2 - 5*k + 4. Let m be r(c). Let p(u) = -u**2 + u + 4. Determine p(m).
-8
Let g(t) = -t**2 - 4*t - 1. Let x(c) = -c**3 + 3*c**2 - 2*c + 3. Let b be x(3). What is g(b)?
2
Let o(q) = q - 1. Suppose s - 3*z = -0*z + 12, -s + 5*z + 10 = 0. Suppose -3*p = -6 + s. Calculate o(p).
-4
Suppose 4*v + t = 18, -v - 4*t - 13 = -2*v. Suppose v = 6*h - h. Let o(n) be the third derivative of -n**4/24 - n**3/6 - n**2. Give o(h).
-2
Let v(l) = -11*l + 1. Let t(i) = -i**3 + 7*i**2 - 5*i - 1. Let r be t(6). Let h(g) = -6*g**2 + 3*g**3 - 1 + 94*g - 89*g - 2*g**3. Let c be h(r). Give v(c).
12
Let h(q) = 3*q - 5 - 2*q - q - 3*q. Suppose 2*y - 20 = 6*y. Determine h(y).
10
Let t(q) = -q**2 - 7*q - 4. Let s = 5 + -10. What is t(s)?
6
Suppose 10 = c + c, -2*d + 2*c + 14 = 0. Let n be d - 3/6*-2. Let q(w) = 2*w + 23 - n - w. Calculate q(-5).
5
Let k(g) = 11*g**3 - 2*g**2 + 2*g - 1. Suppose -4*s + 5 = -7. Let i = s - 2. Calculate k(i).
10
Let o(r) = -r + 1. Let g(c) = -c**3 - 3*c**2 + 9*c - 4. Let j be g(-5). Determine o(j).
0
Suppose 10 - 15 = 5*z. Let a(j) = 4*j**3 - j**2 + j + 5. Suppose d + 2 + 7 = 0. Let i(q) = 8*q**3 - 2*q**2 + 2*q + 11. Let y(v) = d*a(v) + 4*i(v). Give y(z).
5
Suppose -3*u + 6 = -3*l - 0, 0 = 4*l - 12. Suppose j + 2 - u = 0. Let d(q) = j*q**2 - 13 + 2*q + 13 + q**3. Give d(-3).
-6
Let p be (-7 - 0 - -2)*78/65. Let g(r) = r**2 + 7*r + 1. What is g(p)?
-5
Let d(i) = i + 1. Let x(s) = -5*s - 7. Let v(l) = 6*d(l) + x(l). Let u(f) = 1. Let k(y) = -2*u(y) + v(y). Give k(2).
-1
Let o(t) be the third derivative of t**4/24 + t**3/3 - 30*t**2. Determine o(-2).
0
Let g(s) = -1 - s**3 - 2*s**2 - 1 + s + 6 - 5. Determine g(-3).
5
Let j(d) = d**3 + 2*d**2 - 2*d + 2*d**2 + 0 - 2. Let x be (0 + -1)/((28/16)/7). What is j(x)?
6
Let r(y) = 6*y**2 + 1. Let o(p) = 7*p**2 - p + 1. Let d(w) = -5*o(w) + 6*r(w). Give d(-2).
-5
Let h(l) = 16*l**2 - 50*l - 4. Let n(o) = 5*o**2 - 17*o - 1. Let x(m) = 2*h(m) - 7*n(m). Let a(t) = -2*t**2 + 10*t. Let f(c) = 5*a(c) - 3*x(c). Determine f(-7).
3
Let r(h) = -2*h + 2. Let n = 3 + -1. Suppose 0 = -3*j - 4*s + 24 + n, 2*s - 10 = 0. Determine r(j).
-2
Suppose 0 = -3*z + 5*n - 8, -4*n + 4 = -2*z - 2. Let a = z - -6. Let b(m) = -4 + 0 - 4*m + m**2 + 1. Give b(a).
2
Let b(j) = -j + 22. Let n be b(17). Let u(l) = l**3 - 6*l**2 + 5*l + 5. Give u(n).
5
Let p(h) = h - 4 - 5*h - 8*h + 3. Determine p(-1).
11
Suppose -h + 0 = 2. Let b be 3*1/(-6)*h. Let m(u) be the second derivative of -u**4/3 - u. Give m(b).
-4
Let t(b) = -2*b + 5. Let i = 19 - 13. Give t(i).
-7
Suppose -5*m - 7 = 2*m. Let j(r) = 9*r**2 - r. What is j(m)?
10
Let r(a) = -a**2 - 4*a - 4. Suppose 4*y + 20 = 0, g = -g + 5*y + 31. Let k be g/(-12) - 37/(-4). Suppose 2*l + 3*x = -3, 2*l - x = 2*x - k. Calculate r(l).
-1
Let z(q) be the third derivative of q**5/60 + 5*q**4/24 + 18*q**2. What is z(-5)?
0
Let d(f) = 9*f**2 - 5*f - 4. Let s(q) = -19*q**2 + 11*q + 9. Let p(v) = 13*d(v) + 6*s(v). Let m be 56/16*(-8)/14. Calculate p(m).
12
Suppose j - 3*j - 4 = 0. Suppose z = -c - 3*z + 2, c - 2 = -z. Let m(s) = -2 - 2*s + 3*s**3 - 3*s**2 + c*s**2 - 4*s**3. What is m(j)?
6
Let w(b) be the third derivative of -5*b**2 + 0*b**5 + 1/8*b**4 - 1/3*b**3 + 0 + 0*b - 1/120*b**6. Give w(2).
-4
Suppose -7*f + 3 = 59. Let b(w) = -w**3 - 9*w**2 - 7*w + 11. Calculate b(f).
3
Let x(l) be the first derivative of l**2/2 + 8*l - 7. Calculate x(-5).
3
Let z(b) = -b. Suppose 1 = -4*p + 9, -4*j + 2*p - 24 = 0. Let f = 8 + j. Give z(f).
-3
Let l(t) be the first derivative of -t**4/4 + 5*t**3/3 + t**2/2 - 2*t - 1. Determine l(5).
3
Suppose -3*o + 2 = -16. Suppose 3*a + 0 = -o. Let t(h) = 2*h + 1. Calculate t(a).
-3
Let k be 9*1 + (4 - 6). Suppose 5*i + k = -23. Let m(v) = -v - 7. What is m(i)?
-1
Let j(m) be the first derivative of -m**4/4 + 2*m**3/3 + 3*m + 17. Give j(3).
-6
Let n(s) = 7*s**2 - 14*s + 2. Let t(r) = -3*r**2 + 7*r - 1. Let m(d) = 2*n(d) + 5*t(d). Determine m(5).
9
Let k(m) = -m**3 + 7*m**2 - 7*m + 7. Let j be k(6). Let b = -1 - -4. Let s(t) = -b + 0 + 4 + 0 + t. Give s(j).
2
Let q(f) = f + 1. Suppose 0*r - 5*r = -20. Determine q(r).
5
Let o be ((-10)/4)/(2/4). Let m(i) be the second derivative of 3*i - i**2 - 1/3*i**3 + 0. Give m(o).
8
Let l(h) = 5*h**3 - h**2 + h + 1. Let i be l(-1). Let p(q) = -q - 6. What is p(i)?
0
Let h = 1 + -1. Suppose -x = -h - 3. Suppose x*y - 20 = 4*j, -j - 3*j = -4*y + 24. Let w(t) = t**2 - 4*t - 1. Give w(y).
-1
Suppose -3*n = n + 28. Let c = n - 0. Let k(h) = h**2 + 7*h + 2. Calculate k(c).
2
Let c(o) = -o**2 + 7*o - 6. Let j(u) = u**2 - 7*u + 6. Let g(r) = 6*c(r) + 7*j(r). What is g(6)?
0
Let g(n) be the first derivative of 1/120*n**6 + 0*n + 1/2*n**3 + 2 + 1/20*n**5 - 2*n**2 + 0*n**4. Let m(u) be the second derivative of g(u). Determine m(-3).
3
Let v(g) = -2*g - 6. Suppose -2*u = -3*a - 2*a - 10, 3*a = -3*u + 15. Let y = u + -9. Give v(y).
2
Let r(k) = k**3 - k**2 - 2*k + 2. Let o(p) = -p**3 - 9*p**2 - 10*p - 11. Let l be o(-8). Suppose l*y + 5*h = -10, 2*h - 6*h - 14 = 2*y. Calculate r(y).
14
Let t = -14 - -19. Suppose t*r + 2 = 27. Let u(x) = x. Give u(r).
5
Suppose 3*q - 15 + 47 = 5*m, 0 = -2*m + 4*q + 24. Let k(b) = -b**3 + 4*b**2 - b + 5. Calcu